4).
36
Let w(q) = -23985*q + 599617. What is w(25)?
-8
Let h(z) = 437*z**2 + 5679*z - 17. Give h(-13).
9
Let b(u) = 2*u**3 - 292*u**2 - 770*u + 26411. What is b(148)?
67
Let q(b) = -57*b**2 + 2211*b + 54906. Give q(56).
-30
Let x(d) = -49*d**3 + 929*d**2 + 29*d + 148. Calculate x(19).
-23
Let p(n) = -25*n**2 - 31630*n + 152400. Determine p(-1270).
0
Let l(k) = -4*k**2 + 629475*k - 1258944. Calculate l(2).
-10
Let p(y) = -y**3 + 2793*y**2 + 72746*y + 1544811. Determine p(2819).
-1
Let w(p) = p**3 - 218*p**2 + 1590*p - 203164. What is w(215)?
11
Let g(m) = m**3 + 65*m**2 - 48*m + 5019. Calculate g(-67).
-743
Let m(d) = d**3 + 300*d**2 + 10416*d + 360. What is m(-40)?
-280
Let s(b) = 696*b - 5519. Give s(8).
49
Let y(o) = -3*o**2 - 8087*o - 72539. What is y(-9)?
1
Let d(y) = -13449*y - 5863765. Give d(-436).
-1
Let l(m) = -2*m**3 - 24*m**2 - 1111*m - 2110. Give l(-2).
32
Let h(f) = -70529*f + 423171. Determine h(6).
-3
Let i(g) = -234*g - 15520. Calculate i(-67).
158
Let u(g) = -g**3 - 48*g**2 - 221*g - 89. What is u(-43)?
169
Let s(z) = 87*z**3 - 10*z**2 - 205*z - 413. Determine s(-2).
-739
Let b(m) = m**3 - 48121*m**2 - 1878242*m - 44. What is b(-39)?
34
Let n(u) = 810*u - 407428. Determine n(503).
2
Let y(b) = b**3 - 56*b**2 + 62*b - 424. What is y(55)?
-39
Let v(z) = -z**2 + 534*z + 14602. Determine v(-26).
42
Let j(l) = 683482*l - 2050452. Give j(3).
-6
Let q(y) = 108*y + 8373. What is q(-78)?
-51
Let h(i) = -2826*i - 8220. What is h(-3)?
258
Let h(g) = -g**2 + 106*g + 13074. What is h(179)?
7
Let o(i) = i**2 + 178*i - 2480. Give o(13).
3
Let r(h) = -1124*h + 368667. Give r(328).
-5
Let v(q) = -261*q + 64547. Calculate v(247).
80
Let q(r) = -r**3 - 23*r**2 + 13*r + 2. Determine q(0).
2
Let j(z) = 12*z**2 + 148*z + 78. What is j(-13)?
182
Let a(f) = 4*f**2 - 405*f - 29242. What is a(150)?
8
Let l(a) = -56*a**2 + 195*a + 589. Calculate l(-2).
-25
Let z(j) = -j**2 + 272*j - 9890. Determine z(218).
1882
Let l(i) = 4311*i - 33379. Determine l(8).
1109
Let c(t) = t**3 + 15*t**2 - 17*t - 201. Determine c(-17).
-490
Let l(o) = 2*o**3 - 25*o**2 + 42*o - 3499. Give l(17).
-184
Let l(q) = 2*q**2 - 1560*q + 16895. Determine l(11).
-23
Let q(o) = -4*o**3 - 174*o**2 + 16*o + 4401. Calculate q(-43).
15
Let o(q) = q**3 + 17*q**2 - 892*q - 16063. Give o(-19).
163
Let x(p) = -41507*p - 1618702. Determine x(-39).
71
Let y(t) = -73*t**2 - 3209*t - 11552. What is y(-40)?
8
Let v(y) = -y**3 - 67*y**2 - 144*y - 173. Determine v(-65).
737
Let j(x) = 1758*x - 14777. Give j(8).
-713
Let u(f) = 11*f**3 + 38*f**2 + 11*f - 4. Determine u(-1).
12
Let n(u) = -124*u**3 + 1483*u**2 + 11*u + 12. Determine n(12).
-576
Let z(j) = -140263*j - 4488399. Determine z(-32).
17
Let n(d) = 9*d**3 - 1936*d**2 + 477*d - 56329. Calculate n(215).
1
Let g(q) = q**3 + 3*q**2 - 23491*q - 164193. Calculate g(-7).
48
Let z(g) = -45*g**3 - 49*g**2 - 175*g - 26. What is z(-4)?
2770
Let k(l) = 39*l**2 - 464*l - 554. What is k(13)?
5
Let r(n) = -n**2 - 314*n - 945. Give r(-3).
-12
Let w(g) = -1528*g + 1213228. Calculate w(794).
-4
Let o(w) = -w**3 - 1506*w**2 + 10558*w + 16. Determine o(7).
-215
Let g(t) = 61*t**2 + 14928*t - 4173. What is g(-245)?
-8
Let p(m) = -m**3 - 211*m**2 + 1792*m + 8782. Determine p(-219).
22
Let x(g) = 503*g**2 + 1243*g + 472. What is x(-2)?
-2
Let p(t) = t**2 + 160*t + 4316. What is p(-30)?
416
Let x(y) = -y**2 + 350*y - 30511. Calculate x(170).
89
Let y(w) = -1840*w - 17220. Determine y(-9).
-660
Let n(f) = 24788*f - 1363373. Calculate n(55).
-33
Let f(u) = -15*u**3 + 8*u**2 - 7*u + 33. Calculate f(5).
-1677
Let g(j) = 508*j - 40124. Calculate g(79).
8
Let j(i) = -369*i + 27655. Give j(75).
-20
Let m(c) = -c**3 - 178*c**2 - 1195*c - 86829. Calculate m(-174).
-3
Let g(x) = -2*x**3 - 10*x**2 + 81*x - 120. Calculate g(7).
-729
Let j(k) = k**3 - 12*k**2 - 399*k + 2542. Give j(6).
-68
Let i(h) = 41*h**3 + 647*h**2 + 1287*h - 5. What is i(-2)?
-319
Let v(q) = -q**3 + 37*q**2 - 344*q + 217. Calculate v(21).
49
Let s(g) = g**3 - 43*g + 16. Determine s(-8).
-152
Let t(p) = 252*p - 175. Determine t(4).
833
Let s(o) = 15*o**2 + 65220*o + 195660. What is s(-3)?
135
Let w(l) = -2*l**3 + 60*l**2 - 291*l + 1133. Determine w(21).
2960
Let t(a) = a**3 + 67*a**2 + 229*a + 6511. Determine t(-65).
76
Let q(y) = -y**3 + 13*y**2 + 261*y + 975. Calculate q(25).
0
Let t(c) = 2141*c - 340420. Give t(159).
-1
Let y(a) = a**3 - 42*a**2 - 392*a + 2427. Give y(49).
26
Let g(u) = 819*u + 16436. What is g(-20)?
56
Let r(a) = 819288*a + 17205041. Determine r(-21).
-7
Let p(i) = i**3 - 7*i**2 - 23599*i + 70836. Give p(3).
3
Let f(q) = -157448*q + 1889443. Determine f(12).
67
Let s(f) = -2*f**2 - 347*f + 511. Calculate s(-176).
-369
Let r(n) = -27*n**2 + 557*n + 298. Calculate r(21).
88
Let p(j) = -5*j**2 + 100*j - 1087. Calculate p(14).
-667
Let h(p) = -3*p**3 - 642*p**2 - 2518*p + 685. Calculate h(-210).
265
Let u(d) = -34083*d - 409477. Calculate u(-12).
-481
Let a(t) = 36*t - 2870. Calculate a(56).
-854
Let p(m) = m**3 + 11*m**2 - 87*m - 733. What is p(-13)?
60
Let j(m) = -m**3 - 15*m**2 - 3367*m - 69349. Determine j(-20).
-9
Let u(g) = -180*g**2 + 491*g - 5. Determine u(3).
-152
Let t(b) = b**3 - 50*b**2 - 488*b + 26. Calculate t(-8).
218
Let r(h) = 100*h**2 + 285*h - 609. Give r(2).
361
Let r(x) = -2*x**2 - 46*x - 250. Calculate r(-16).
-26
Let m(f) = f**2 + 1770*f - 228808. What is m(121)?
3
Let o(l) = -513*l - 9976. Give o(-23).
1823
Let l(r) = -2346*r - 119537. Give l(-51).
109
Let o(r) = r**3 - 140*r**2 + 1606*r + 46882. Determine o(124).
10
Let k(f) = 2*f**2 + 3709*f - 44677. Calculate k(12).
119
Let l(w) = -2*w**3 + 17*w**2 - 107*w + 39. Calculate l(12).
-2253
Let r(v) = -197684*v - 11267985. Calculate r(-57).
3
Let t(l) = -143*l**2 - 1422*l - 3642. Give t(-5).
-107
Let k(h) = -h**3 + 22*h**2 + 219*h - 4564. Calculate k(20).
616
Let s(g) = -1190*g - 2665. Determine s(-2).
-285
Let j(w) = w**3 + 7*w**2 + 360*w + 2515. What is j(-7)?
-5
Let a(t) = -t**3 - 104*t**2 + 103*t - 266. What is a(-105)?
-56
Let f(u) = -u**3 + 206*u**2 - 205*u + 1722. What is f(205)?
1722
Let u(c) = -1796*c + 116980. What is u(65)?
240
Let d(v) = -1406*v - 54830. Determine d(-39).
4
Let p(h) = -7*h**2 - 2113*h + 2365. Determine p(-303).
-59
Let v(i) = 75*i**2 - 18076*i + 246. Determine v(241).
5
Let x(b) = -4025*b - 462879. What is x(-115)?
-4
Let i(a) = 4*a**3 - 106*a**2 + 288*a - 9219. Give i(27).
15
Let o(u) = -7*u**2 - 106910*u - 641489. Determine o(-6).
-281
Let d(g) = -300*g + 7719. What is d(21)?
1419
Let g(c) = -1334*c + 9343. Calculate g(7).
5
Let w(l) = -l**2 - 1470*l - 8866. What is w(-6)?
-82
Let t(j) = 2*j**3 - 433*j**2 + 18879*j + 93. Calculate t(156).
561
Let l(w) = -78*w + 8168. Calculate l(54).
3956
Let z(k) = -4*k**2 - 20568*k - 123275. Give z(-6).
-11
Let x(z) = -z**3 + 6*z**2 + 200*z + 30. What is x(19)?
-863
Let c(v) = v**2 + 469*v + 49970. Give c(-315).
1460
Let h(v) = -11619*v + 592572. Calculate h(51).
3
Let g(s) = 50487*s - 9693494. Determine g(192).
10
Let a(n) = -n**3 - 122*n**2 + 10677*n + 127. Determine a(59).
9
Let p(d) = 4635*d + 50962. What is p(-11)?
-23
Let r(m) = -m**3 + 106*m**2 - 511*m + 806. What is r(101)?
200
Let v(n) = 10*n**3 + 124*n**2 + 161*n + 89. Give v(-11).
12
Let w(g) = 434*g**2 - 30815*g + 38. Determine w(71).
-33
Let s(m) = 5285*m - 147869. Determine s(28).
111
Let r(v) = v**3 - 16*v**2 + 142*v - 4822. Give r(21).
365
Let m(r) = 2*r**3 - 8246*r**2 - 425757*r - 466. What is m(-51)?
-7
Let s(k) = 686*k + 9943. Give s(-20).
-3777
Let z(w) = 3482*w + 14883. What is z(-5)?
-2527
Let v(y) = 10901*y + 904789. Give v(-83).
6
Let u(a) = -2*a**3 + 5*a**2 - 2206*a + 13414. Calculate u(6).
-74
Let n(x) = -830*x**2 + 21613*x - 841. Determine n(26).
17
Let q(a) = 2085*a + 10465. Calculate q(-5).
40
Let o(d) = -74*d - 11276. Give o(-152).
-28
Let g(w) = 3*w**2 - 53239*w + 319332. Determine g(6).
6
Let q(c) = 136708*c - 273261. Give q(2).
155
Let x(d) = 2*d**3 + 138*d**2 + 433*d + 20105. What is x(-68)?
-91
Let h(r) = -415*r - 35337. Give h(-85).
-62
Let f(c) = -23*c**3 + 2393*c**2 - 101*c - 251. Calculate f(104).
61
Let m(j) = 32*j**2 + 1557*j + 18856. Calculate m(-26).
6
Let n(b) = -684*b - 31420. Determine n(-46).
44
Let g(o) = o**3 + 39*o**2 + 2227*o + 64081. Determine g(-32)